{"id":28,"date":"2025-03-01T16:33:19","date_gmt":"2025-03-01T16:33:19","guid":{"rendered":"https:\/\/logopedazyrafka.pl\/?page_id=28"},"modified":"2025-09-30T18:12:22","modified_gmt":"2025-09-30T18:12:22","slug":"o-mnie","status":"publish","type":"page","link":"https:\/\/logopedazyrafka.pl\/index.php\/o-mnie\/","title":{"rendered":"O mnie"},"content":{"rendered":"<div class=\"wp-block-image\">\n<figure class=\"alignleft size-large is-resized\"><img loading=\"lazy\" decoding=\"async\" width=\"684\" height=\"1024\" src=\"http:\/\/logopedazyrafka.pl\/wp-content\/uploads\/2025\/03\/DSC_7877_pp-684x1024.jpg\" alt=\"\" class=\"wp-image-164\" style=\"width:269px;height:auto\" srcset=\"https:\/\/logopedazyrafka.pl\/wp-content\/uploads\/2025\/03\/DSC_7877_pp-684x1024.jpg 684w, https:\/\/logopedazyrafka.pl\/wp-content\/uploads\/2025\/03\/DSC_7877_pp-201x300.jpg 201w, https:\/\/logopedazyrafka.pl\/wp-content\/uploads\/2025\/03\/DSC_7877_pp-768x1149.jpg 768w, https:\/\/logopedazyrafka.pl\/wp-content\/uploads\/2025\/03\/DSC_7877_pp-1027x1536.jpg 1027w, https:\/\/logopedazyrafka.pl\/wp-content\/uploads\/2025\/03\/DSC_7877_pp-1369x2048.jpg 1369w, https:\/\/logopedazyrafka.pl\/wp-content\/uploads\/2025\/03\/DSC_7877_pp-scaled.jpg 1711w\" sizes=\"auto, (max-width: 684px) 100vw, 684px\" \/><\/figure>\n<\/div>\n\n\n<h4 class=\"wp-block-heading\">Nazywam si\u0119 Maria Osi\u0144ska. Z wykszta\u0142cenia jestem logoped\u0105 i posiadam kwalifikacje pedagogiczne. Moj\u0105 najwi\u0119ksz\u0105 pasj\u0105 jest praca z dzie\u0107mi, dlatego zrezygnowa\u0142am z pracy w korporacji, aby w pe\u0142ni po\u015bwi\u0119ci\u0107 si\u0119 temu, co sprawia mi najwi\u0119ksz\u0105 rado\u015b\u0107.<\/h4>\n\n\n\n<h4 class=\"wp-block-heading\">Jestem osob\u0105 empatyczn\u0105, pogodn\u0105 i otwart\u0105. Z \u0142atwo\u015bci\u0105 nawi\u0105zuj\u0119 kontakt z dzie\u0107mi, ceni\u0105c ich bezpo\u015brednio\u015b\u0107, ciekawo\u015b\u0107 \u015bwiata, kreatywno\u015b\u0107 i nieograniczon\u0105 wyobra\u017ani\u0119. W mojej pracy najwa\u017cniejsza jest relacja oparta na wzajemnym szacunku i zaufaniu \u2013 zawsze pod\u0105\u017cam za dzieckiem i jego potrzebami. Uwielbiam bawi\u0107 si\u0119, \u015bpiewa\u0107 i ta\u0144czy\u0107, bo wiem, \u017ce nauka poprzez zabaw\u0119 przynosi najlepsze efekty.<\/h4>\n\n\n\n<h4 class=\"wp-block-heading\">Nieustannie rozwijam si\u0119 jako logopeda, poszerzaj\u0105c swoj\u0105 wiedz\u0119 i doskonal\u0105c umiej\u0119tno\u015bci, by jak najlepiej wspiera\u0107 rozw\u00f3j moich podopiecznych. Najwi\u0119ksz\u0105 nagrod\u0105 jest dla mnie widok u\u015bmiechni\u0119tego dziecka wbiegaj\u0105cego na zaj\u0119cia.<\/h4>\n\n\n\n<h4 class=\"wp-block-heading\">Prywatnie jestem mam\u0105, dla kt\u00f3rej relacje i rozw\u00f3j s\u0105 kluczowymi warto\u015bciami zar\u00f3wno w \u017cyciu zawodowym, jak i osobistym.<\/h4>\n\n\n\n<h3 class=\"wp-block-heading\"><mark style=\"background-color:var(--nv-site-bg)\" class=\"has-inline-color\">Dlaczego za\u0142o\u017cy\u0142am sw\u00f3j gabinet logopedyczny?<\/mark><\/h3>\n\n\n\n<h4 class=\"wp-block-heading\">Odk\u0105d zosta\u0142am logoped\u0105 marzy\u0142am o stworzeniu miejsca, w kt\u00f3rym terapia logopedyczna b\u0119dzie nie tylko skuteczna, ale tak\u017ce przyjazna i pe\u0142na ciep\u0142ej atmosfery. Chcia\u0142am, aby dzieci czu\u0142y si\u0119 w \u017byrafce swobodnie i z rado\u015bci\u0105 wraca\u0142y na zaj\u0119cia.<\/h4>\n\n\n\n<h4 class=\"wp-block-heading\">M\u00f3j gabinet powsta\u0142 w cichej i spokojnej okolicy, aby zapewni\u0107 komfortowe warunki do pracy z ma\u0142ymi pacjentami. To przestrze\u0144, w kt\u00f3rej nauka przeplata si\u0119 z zabaw\u0105, a terapia staje si\u0119 przyjemno\u015bci\u0105. Wierz\u0119, \u017ce swoboda komunikacji to jeden z najcenniejszych dar\u00f3w, jakie mo\u017cemy podarowa\u0107 dzieciom \u2013 dlatego wspieram rodzic\u00f3w w tej drodze, pomagaj\u0105c ich pociechom rozwija\u0107 mow\u0119 i pewno\u015b\u0107 siebie.<\/h4>\n\n\n\n<h4 class=\"wp-block-heading\">Pracuj\u0119 g\u0142\u00f3wnie z dzie\u0107mi w wieku przedszkolnym i wczesnoszkolnym, kt\u00f3re maj\u0105 op\u00f3\u017aniony rozw\u00f3j mowy, wady wymowy oraz r\u00f3\u017cnego rodzaju zaburzenia rozwojowe i genetyczne.<\/h4>\n\n\n\n<h3 class=\"wp-block-heading\"><mark style=\"background-color:var(--nv-site-bg)\" class=\"has-inline-color has-nv-dark-bg-color\">Zapraszam serdecznie do \u017byrafki &#8211; miejsca, gdzie ka\u017cde dziecko czuje si\u0119 wa\u017cne, s\u0142yszane i rozumiane \ud83d\ude42<\/mark><\/h3>\n\n\n\n<p><\/p>\n","protected":false},"excerpt":{"rendered":"<p>Nazywam si\u0119 Maria Osi\u0144ska. Z wykszta\u0142cenia jestem logoped\u0105 i posiadam kwalifikacje pedagogiczne. Moj\u0105 najwi\u0119ksz\u0105 pasj\u0105 jest praca z dzie\u0107mi, dlatego zrezygnowa\u0142am z pracy w korporacji, aby w pe\u0142ni po\u015bwi\u0119ci\u0107 si\u0119 temu, co sprawia mi najwi\u0119ksz\u0105 rado\u015b\u0107. Jestem osob\u0105 empatyczn\u0105, pogodn\u0105 i otwart\u0105. Z \u0142atwo\u015bci\u0105 nawi\u0105zuj\u0119 kontakt z dzie\u0107mi, ceni\u0105c ich bezpo\u015brednio\u015b\u0107, ciekawo\u015b\u0107 \u015bwiata, kreatywno\u015b\u0107 i&hellip;&nbsp;<a href=\"https:\/\/logopedazyrafka.pl\/index.php\/o-mnie\/\" rel=\"bookmark\">Dowiedz si\u0119 wi\u0119cej &raquo;<span class=\"screen-reader-text\">O mnie<\/span><\/a><\/p>\n","protected":false},"author":1,"featured_media":0,"parent":0,"menu_order":0,"comment_status":"closed","ping_status":"closed","template":"","meta":{"neve_meta_sidebar":"","neve_meta_container":"","neve_meta_enable_content_width":"on","neve_meta_content_width":100,"neve_meta_title_alignment":"","neve_meta_author_avatar":"","neve_post_elements_order":"","neve_meta_disable_header":"","neve_meta_disable_footer":"","neve_meta_disable_title":"on","footnotes":""},"class_list":["post-28","page","type-page","status-publish","hentry"],"_links":{"self":[{"href":"https:\/\/logopedazyrafka.pl\/index.php\/wp-json\/wp\/v2\/pages\/28","targetHints":{"allow":["GET"]}}],"collection":[{"href":"https:\/\/logopedazyrafka.pl\/index.php\/wp-json\/wp\/v2\/pages"}],"about":[{"href":"https:\/\/logopedazyrafka.pl\/index.php\/wp-json\/wp\/v2\/types\/page"}],"author":[{"embeddable":true,"href":"https:\/\/logopedazyrafka.pl\/index.php\/wp-json\/wp\/v2\/users\/1"}],"replies":[{"embeddable":true,"href":"https:\/\/logopedazyrafka.pl\/index.php\/wp-json\/wp\/v2\/comments?post=28"}],"version-history":[{"count":5,"href":"https:\/\/logopedazyrafka.pl\/index.php\/wp-json\/wp\/v2\/pages\/28\/revisions"}],"predecessor-version":[{"id":200,"href":"https:\/\/logopedazyrafka.pl\/index.php\/wp-json\/wp\/v2\/pages\/28\/revisions\/200"}],"wp:attachment":[{"href":"https:\/\/logopedazyrafka.pl\/index.php\/wp-json\/wp\/v2\/media?parent=28"}],"curies":[{"name":"wp","href":"https:\/\/api.w.org\/{rel}","templated":true}]}}